q) = -q**2 + 16*q - 28. Let f be x(14). Suppose -w = -f*w - 82. Calculate the remainder when w is divided by 28.
26
Suppose -22*y + 20*y + 4*z + 136 = 0, -2*z - 242 = -4*y. Calculate the remainder when 1912 is divided by y.
56
What is the remainder when 132 is divided by (15 - 14)/(3/141)?
38
Suppose o = 3*k + 14, -o = -5*o - k + 17. Suppose -o*i - 3*i = 104. Let l = i - -20. What is the remainder when 12 is divided by l?
5
Suppose -4*m - 4*o + 0*o + 52 = 0, 52 = 4*m - 2*o. Calculate the remainder when 6/16 + (-1695)/(-24) + -21 is divided by m.
11
Let j be (-1064)/8*1/(-1 + 2). Let c = j - -196. Calculate the remainder when c is divided by 18.
9
Let y(x) = -x**2 + 12*x + 29. Let n be y(14). What is the remainder when 2/14 - (186/(-21))/n is divided by 2?
1
Calculate the remainder when 345*(156/(-36))/(-13) is divided by 26.
11
Let f(q) = 2*q + 14. Let h be f(-6). Suppose -j + 51 = h*j. Calculate the remainder when j is divided by 34/6 + 2/6.
5
Suppose -2*s + 7 = -7. Suppose -k + s = 2. Suppose -k*q + 90 = 5*d, -2*q - 5*d + 8 = -19. What is the remainder when q is divided by 11?
10
Let j = 391 + -227. What is the remainder when j is divided by 83?
81
Suppose -5*t + 0*t = 3*y - 140, -5*t + 165 = -2*y. What is the remainder when 81 is divided by t?
19
Let s be 1/(4*2/24). Suppose -s*v - 7*p + 1 = -3*p, v + p = 1. Let o = -7 + 9. Calculate the remainder when v is divided by o.
1
Suppose 19940 = 21*y - y. What is the remainder when y is divided by 37?
35
Suppose 10 = 5*a - 5. Let c be ((-28)/(-6))/((-4)/30). Let u = c + 52. What is the remainder when u is divided by a?
2
Let a(u) = -u**2 + u + 1. Let q(t) = -5*t**2 + 6*t + 1. Let k(r) = 4*a(r) - q(r). Let y be 31/7 + 24/42. Calculate the remainder when k(y) is divided by 7.
4
Let q(j) = j**3 - 8*j**2 + 13*j - 23. Suppose -4*d + 26 = -2*x - 3*x, -2*d + 3*x = -14. Calculate the remainder when q(7) is divided by d.
3
Let j(v) = -330*v**2 + 9*v + 16 + 332*v**2 + v. Let s be (-36)/12 - (4 + 0). What is the remainder when j(s) is divided by 12?
8
Let j = 155 - 110. Let s = -40 - -61. Calculate the remainder when j is divided by s.
3
Let i = 40 + -30. Suppose 6*b - i*b = -8. Calculate the remainder when b is divided by 1.
0
Suppose 9 = -5*n + 34. Suppose -26 = n*l - 101. Calculate the remainder when l is divided by 4.
3
Let k(p) = 6*p**2 + 11*p + 2. Let g be k(-3). What is the remainder when 77 is divided by 0 + g + 1 + -4?
17
Suppose -3*y + 25 = -11. Let o(p) be the first derivative of p**3/3 - 3*p**2/2 + 6*p + 8. What is the remainder when o(8) is divided by y?
10
Suppose -z + 69 = 4*t, t - 14 = 4*z - z. What is the remainder when 50 is divided by t?
16
Let y be (-47)/(-9) - 4/18. Suppose -h - 5 = -4*u - 25, 5*h + y*u + 25 = 0. Let t = 14 + h. What is the remainder when 39 is divided by t?
11
Let u = -2036 + 2042. What is the remainder when 6 is divided by u?
0
Let r be (-6)/12*4 - 129*1. Let l = -64 - r. Suppose 2*q - 53 = -3*b + q, 0 = b + 2*q - 21. What is the remainder when l is divided by b?
16
Let l(t) = t**3 + t**2 + 126. Let r be l(0). Suppose 0 = 4*x - m - 155, 5*x - 4*m = 2*x + r. What is the remainder when x is divided by 20?
18
Suppose 3*c - 2 = 82. What is the remainder when 103 is divided by c?
19
Let j(g) = -g + 17. Let q = 85 - -8. What is the remainder when q is divided by j(-2)?
17
Suppose 9 = 3*k + k - 3*w, -4*w = -2*k - 8. Let r be 3/(-6) - 54/4. Let x = 23 + r. What is the remainder when x is divided by k?
3
Let q(x) = x**3 - 13*x**2 + 2*x - 21. Let h be q(13). Suppose -2*r + 31 = h. Calculate the remainder when 101 is divided by r.
10
Let h be ((-4)/(-3))/(10/45). Suppose -33 = h*g - 9*g. Calculate the remainder when 21 is divided by g.
10
Suppose 0 = -4*q + 5*n + 75, -3*n = -5*q - 4 + 88. Calculate the remainder when 12/(-8)*112/(-6) is divided by q.
13
Suppose 8 = -8*p + 104. Calculate the remainder when 82 is divided by p.
10
Let a be 18/(-4)*(-2 + 0). Let m be (-4)/1 + (6 - -2). Suppose 0 = 5*q + 4*p - 22 - 19, -5*q + m*p + a = 0. What is the remainder when 18 is divided by q?
3
Let x be 3 + (-8)/4 + -1. Suppose -8*d = -x*d - 176. Calculate the remainder when d is divided by 6.
4
Let a(o) = 4*o**2 + 3*o - 3. Let k be a(-3). Suppose -k = -2*q - q. Let l(b) = -b**3 + 7*b**2 + 12*b - 3. What is the remainder when l(q) is divided by 10?
9
Let a = -39 - -39. Suppose a = -6*u + u + 60. Let i(g) = 5*g - 7. What is the remainder when i(6) is divided by u?
11
Suppose 4*l + 4*i = 8*i + 396, 0 = 2*l + 4*i - 198. Calculate the remainder when l is divided by 40.
19
Let j(b) = 2*b**3 + 4*b**2 + 3*b + 2. Let w be j(-2). Let y = -103 + 145. Calculate the remainder when y is divided by 2/(-6)*(w - 29).
9
Suppose -8 = o - 33. Calculate the remainder when 298 is divided by o.
23
Suppose 5*h - 46 = -1. Suppose 0 = -3*l + 2*g + 3*g + 166, 2*l - 2*g - 108 = 0. What is the remainder when l is divided by h?
7
Suppose -p = 3*x - 328, 5*p - 1915 = 5*x - 375. What is the remainder when p is divided by 53?
48
Suppose 4*g = -4*a + 68, -3*g = -6*a + a + 61. Let k = -426 - -479. What is the remainder when k is divided by a?
11
Let c(y) = -29*y**3 - 2*y**2 - 3*y. Let d be c(-2). Let k = -132 + d. Suppose 4*g = k + 62. Calculate the remainder when g is divided by 14.
12
Let b be ((-90)/132 + (-4)/(-22))*-228. Let f = b + 45. Calculate the remainder when f is divided by 40.
39
Let v be (-4)/(-14) + (-33)/(-7). Let w(g) be the second derivative of g**4/6 - g**3/2 - 7*g**2/2 + 259*g - 1. What is the remainder when w(v) is divided by 10?
8
Let h(t) = t**2 - 17*t - 203. What is the remainder when 351 is divided by h(-11)?
36
Let l(c) = c**3 + 23*c**2 - 110*c - 36. Let b(n) = -15*n - 6. Calculate the remainder when b(-6) is divided by l(-27).
12
Let l = -42 - -51. Suppose -5*y - 3*q + 11 = -6*y, q = -5*y + l. What is the remainder when 2 is divided by y?
0
Suppose -h - 17 + 15 + 20 = 0. Let q(p) = -5*p**3 + 4*p**2 + 2*p - 1. Let k be (-10)/4 + 1/2. What is the remainder when q(k) is divided by h?
15
Suppose 67*n - 23*n = 2860. Calculate the remainder when 255 is divided by n.
60
Let g(h) = h**2 - h - 3. Let c(m) = -5*m**2 + 6*m + 16. Let q(l) = 4*c(l) + 22*g(l). Calculate the remainder when q(-6) is divided by 12.
10
Let n = -20 - -22. Suppose -5*w + 16 = 2*g - n, -4*w - 22 = -g. What is the remainder when 26 is divided by g?
12
Let j(z) = 9*z - 22. Let l be (-2)/(-5) - (-51)/(-15). Calculate the remainder when ((-42)/l - 0)/1 is divided by j(3).
4
Let f = 615 - 561. Calculate the remainder when f is divided by 30.
24
Let g(z) = -z**2 + 11*z - 4. Let w be g(5). Let q = w + -15. What is the remainder when 23 is divided by q?
1
Suppose 5*n - 35 = b, -3*b + 16 = n - 5*b. Suppose 77 - 17 = n*r. What is the remainder when r is divided by 7?
3
Suppose 324 = 13*x + 220. What is the remainder when 13 is divided by x?
5
Suppose 4*k + 5 = 17. Suppose 2 = -4*b + k*b - 5*x, -5*b = -x - 16. What is the remainder when 8 is divided by b?
2
Let w(m) = -27*m - 49. Let q(h) = 3*h**2 - 2*h. Calculate the remainder when q(-3) is divided by w(-2).
3
Let d = -993 + 1082. What is the remainder when 797 is divided by d?
85
Suppose 0 = 4*m + 3*t - 3, 2*m + 5*t = -3*m + 5. Suppose 1 = -3*o - 5*r + 44, m = -4*o + 2*r + 14. What is the remainder when 9 is divided by o?
3
Let j = 46 - -19. Calculate the remainder when j is divided by 11.
10
Suppose 4*g - 5*g = 18. Let y = 6 - g. Calculate the remainder when 46 is divided by y.
22
Let u = 132 - 227. Let c be (-40)/18 + (-2)/(-9). Calculate the remainder when (u/10)/(c/8) is divided by 14.
10
Suppose -5*w - 3*t - 11 + 63 = 0, -53 = -5*w - 2*t. Calculate the remainder when (-4)/7*(-1729)/52 is divided by w.
8
Let q be (-14)/(-49) - 52/(-14). Calculate the remainder when 132 is divided by q/(-8)*-6 - 1 - -25.
24
Suppose 3*f - 2*j + 25 = 141, -f + 46 = 3*j. Calculate the remainder when f is divided by 23.
17
Let p = -73 + 22. Let t = p + 69. What is the remainder when t is divided by 11?
7
What is the remainder when ((-25)/(-15))/(25/510) is divided by 20?
14
Suppose -7 = z + 14. Let s = 47 + z. Calculate the remainder when s is divided by 14.
12
Calculate the remainder when -6*8/(-18)*12 is divided by (-2 - 2)*22/(-8).
10
What is the remainder when (36/20)/(-2 + 106/50) is divided by 11?
4
Le